{"id":426,"date":"2019-10-24T16:18:41","date_gmt":"2019-10-24T14:18:41","guid":{"rendered":"https:\/\/www.nordicwalkingpalma.com\/competicio\/?page_id=426"},"modified":"2020-02-24T11:06:40","modified_gmt":"2020-02-24T10:06:40","slug":"campionat-de-balears","status":"publish","type":"page","link":"https:\/\/www.nordicwalkingpalma.com\/competicio\/campionat-de-balears\/","title":{"rendered":"Campionat de Balears"},"content":{"rendered":"<p>[et_pb_section fb_built=\u00bb1&#8243; fullwidth=\u00bbon\u00bb _builder_version=\u00bb3.22&#8243; background_color=\u00bbrgba(0,0,0,0.3)\u00bb background_image=\u00bbhttps:\/\/www.nordicwalkingpalma.com\/competicio\/wp-content\/uploads\/2019\/09\/Nordic-Walking-Palma-competici\u00f3n-1.jpg\u00bb background_blend=\u00bboverlay\u00bb custom_padding=\u00bb50px|0px|50px|0px\u00bb][et_pb_fullwidth_header title=\u00bbCopa de Balears\u00bb _builder_version=\u00bb4.0.5&#8243; title_font=\u00bbAbel|700|||||||\u00bb title_text_align=\u00bbcenter\u00bb background_color=\u00bbrgba(255, 255, 255, 0)\u00bb hover_enabled=\u00bb0&#8243; button_one_text_size__hover_enabled=\u00bboff\u00bb button_two_text_size__hover_enabled=\u00bboff\u00bb button_one_text_color__hover_enabled=\u00bboff\u00bb button_two_text_color__hover_enabled=\u00bboff\u00bb button_one_border_width__hover_enabled=\u00bboff\u00bb button_two_border_width__hover_enabled=\u00bboff\u00bb button_one_border_color__hover_enabled=\u00bboff\u00bb button_two_border_color__hover_enabled=\u00bboff\u00bb button_one_border_radius__hover_enabled=\u00bboff\u00bb button_two_border_radius__hover_enabled=\u00bboff\u00bb button_one_letter_spacing__hover_enabled=\u00bboff\u00bb button_two_letter_spacing__hover_enabled=\u00bboff\u00bb button_one_bg_color__hover_enabled=\u00bboff\u00bb button_two_bg_color__hover_enabled=\u00bboff\u00bb][\/et_pb_fullwidth_header][\/et_pb_section][et_pb_section fb_built=\u00bb1&#8243; _builder_version=\u00bb3.22&#8243;][et_pb_row column_structure=\u00bb1_2,1_2&#8243; _builder_version=\u00bb3.25&#8243; background_size=\u00bbinitial\u00bb background_position=\u00bbtop_left\u00bb background_repeat=\u00bbrepeat\u00bb custom_margin=\u00bb||50px|\u00bb custom_padding=\u00bb0|0px|0|0px|false|false\u00bb][et_pb_column type=\u00bb1_2&#8243; _builder_version=\u00bb3.25&#8243; custom_padding=\u00bb|||\u00bb custom_padding__hover=\u00bb|||\u00bb][et_pb_image src=\u00bbhttps:\/\/www.nordicwalkingpalma.com\/competicio\/wp-content\/uploads\/2020\/02\/I-Cursa-de-Marxa-N\u00f2rdica-de-Lluc-2.jpg\u00bb align_tablet=\u00bbcenter\u00bb align_phone=\u00bb\u00bb align_last_edited=\u00bbon|desktop\u00bb _builder_version=\u00bb4.0.5&#8243; hover_enabled=\u00bb0&#8243;][\/et_pb_image][\/et_pb_column][et_pb_column type=\u00bb1_2&#8243; _builder_version=\u00bb3.25&#8243; custom_padding=\u00bb|||\u00bb custom_padding__hover=\u00bb|||\u00bb][et_pb_text _builder_version=\u00bb4.0.5&#8243; custom_margin=\u00bb25px|||\u00bb link_option_url=\u00bbhttps:\/\/www.nordicwalkingpalma.com\/competicio\/vi-cursa-nordic-palma\/\u00bb]<\/p>\n<p><strong>Competici\u00f3<\/strong>: I Cursa de Marxa N\u00f2rdica de Lluc<\/p>\n<p style=\"font-weight: 400;\"><strong>Data<\/strong>: 22 febrer 2020<\/p>\n<p style=\"font-weight: 400;\"><strong>Lloc<\/strong>: Lluc (Mallorca)<\/p>\n<p style=\"font-weight: 400;\"><strong>Tipus de competici\u00f3<\/strong>: Copa de Balears<\/p>\n<p style=\"font-weight: 400;\"><strong>Organitzador<\/strong>: <a href=\"https:\/\/www.facebook.com\/groups\/407995469255692\/?fref=mentions&amp;hc_location=group\" target=\"_blank\" rel=\"noopener\">Club de Muntanya ANEM<\/a><\/p>\n<p>[\/et_pb_text][et_pb_button button_url=\u00bbhttps:\/\/www.nordicwalkingpalma.com\/competicio\/i-cursa-de-marxa-nordica-de-lluc\/\u00bb button_text=\u00bbMes dades\u00bb _builder_version=\u00bb4.0.5&#8243; hover_enabled=\u00bb0&#8243;][\/et_pb_button][\/et_pb_column][\/et_pb_row][\/et_pb_section]<\/p>\n","protected":false},"excerpt":{"rendered":"<p>Competici\u00f3: I Cursa de Marxa N\u00f2rdica de Lluc Data: 22 febrer 2020 Lloc: Lluc (Mallorca) Tipus de competici\u00f3: Copa de Balears Organitzador: Club de Muntanya ANEM<\/p>\n","protected":false},"author":1,"featured_media":0,"parent":0,"menu_order":0,"comment_status":"closed","ping_status":"closed","template":"","meta":{"_et_pb_use_builder":"on","_et_pb_old_content":"","_et_gb_content_width":""},"aioseo_notices":[],"_links":{"self":[{"href":"https:\/\/www.nordicwalkingpalma.com\/competicio\/wp-json\/wp\/v2\/pages\/426"}],"collection":[{"href":"https:\/\/www.nordicwalkingpalma.com\/competicio\/wp-json\/wp\/v2\/pages"}],"about":[{"href":"https:\/\/www.nordicwalkingpalma.com\/competicio\/wp-json\/wp\/v2\/types\/page"}],"author":[{"embeddable":true,"href":"https:\/\/www.nordicwalkingpalma.com\/competicio\/wp-json\/wp\/v2\/users\/1"}],"replies":[{"embeddable":true,"href":"https:\/\/www.nordicwalkingpalma.com\/competicio\/wp-json\/wp\/v2\/comments?post=426"}],"version-history":[{"count":21,"href":"https:\/\/www.nordicwalkingpalma.com\/competicio\/wp-json\/wp\/v2\/pages\/426\/revisions"}],"predecessor-version":[{"id":964,"href":"https:\/\/www.nordicwalkingpalma.com\/competicio\/wp-json\/wp\/v2\/pages\/426\/revisions\/964"}],"wp:attachment":[{"href":"https:\/\/www.nordicwalkingpalma.com\/competicio\/wp-json\/wp\/v2\/media?parent=426"}],"curies":[{"name":"wp","href":"https:\/\/api.w.org\/{rel}","templated":true}]}}