{"id":993,"date":"2021-10-04T11:16:54","date_gmt":"2021-10-04T09:16:54","guid":{"rendered":"https:\/\/www.nordicwalkingpalma.com\/competicio\/?page_id=993"},"modified":"2021-11-25T15:45:39","modified_gmt":"2021-11-25T14:45:39","slug":"vii-carrera-nordic-palma-2021","status":"publish","type":"page","link":"https:\/\/www.nordicwalkingpalma.com\/competicio\/vii-carrera-nordic-palma-2021\/","title":{"rendered":"VII Carrera Nordic Palma 2021"},"content":{"rendered":"<p>[et_pb_section fb_built=\u00bb1&#8243; fullwidth=\u00bbon\u00bb _builder_version=\u00bb4.11.1&#8243; background_enable_image=\u00bboff\u00bb background_position=\u00bbtop_center\u00bb global_colors_info=\u00bb{}\u00bb][et_pb_fullwidth_header title=\u00bbVII Carrera Nordic Palma 2021&#8243; text_orientation=\u00bbcenter\u00bb image_orientation=\u00bbbottom\u00bb _builder_version=\u00bb4.11.1&#8243; title_font=\u00bb|700|||||||\u00bb title_text_align=\u00bbcenter\u00bb background_color=\u00bb#FFFFFF\u00bb background_image=\u00bbhttps:\/\/www.nordicwalkingpalma.com\/competicio\/wp-content\/uploads\/2021\/10\/VII-Carrera-Nordic-Palma-2021.jpg\u00bb background_position=\u00bbcenter_right\u00bb custom_padding=\u00bb100px||100px|\u00bb global_colors_info=\u00bb{}\u00bb][\/et_pb_fullwidth_header][\/et_pb_section][et_pb_section fb_built=\u00bb1&#8243; _builder_version=\u00bb3.22&#8243; custom_padding=\u00bb0|0px|0px|0px\u00bb global_colors_info=\u00bb{}\u00bb][et_pb_row _builder_version=\u00bb3.25&#8243; background_size=\u00bbinitial\u00bb background_position=\u00bbtop_left\u00bb background_repeat=\u00bbrepeat\u00bb global_colors_info=\u00bb{}\u00bb][et_pb_column type=\u00bb4_4&#8243; _builder_version=\u00bb3.25&#8243; custom_padding=\u00bb|||\u00bb global_colors_info=\u00bb{}\u00bb custom_padding__hover=\u00bb|||\u00bb][et_pb_text _builder_version=\u00bb4.11.1&#8243; global_colors_info=\u00bb{}\u00bb]<\/p>\n<p>Esta edici\u00f3n se llevar\u00e1 a cabo el domingo 28 de noviembre la <strong>VII Carrera Nordic Palma<\/strong>, prueba de Nordic Walking organizada por el <strong>Club Deportivo Marcha N\u00f3rdica Palma<\/strong> junto el con <a href=\"https:\/\/fbmweb.com\/index.php\/marxa-nordica\/\">Comit\u00e9 Balear de Marcha N\u00f3rdica<\/a>, estar\u00e1 incluida dentro del calendario oficial de la temporada 2021 y ser\u00e1 prueba ranquin nacional FEDME 2021.<\/p>\n<p>Paralelamente a esta carrera se recuperar\u00e1 la prueba popular, con s\u00f3lo una vuelta al circuito, con el objetivo de promocionar nuestro deporte, la competici\u00f3n y la participaci\u00f3n en pruebas deportivas.<span style=\"font-size: 14px;\">\u00a0<\/span><\/p>\n<h3><strong>Organizador<\/strong><\/h3>\n<p>Club deportivo Marcha Nordica Palma<br \/> Persona de contacto: Edu<br \/> <a href=\"tel:+34653688986\">Tel\u00e9fono: 653 688 986<\/a><br \/> <a href=\"mailto:edu@nordicwalkingpalma.com\">Email: edu@nordicwalkingpalma.com<\/a><\/p>\n<p>[\/et_pb_text][et_pb_text _builder_version=\u00bb4.11.1&#8243; hover_enabled=\u00bb0&#8243; global_colors_info=\u00bb{}\u00bb sticky_enabled=\u00bb0&#8243;]<\/p>\n<h4><strong>Listado de inscritos\/as<\/strong><\/h4>\n<p><a href=\"https:\/\/www.nordicwalkingpalma.com\/competicio\/wp-content\/uploads\/2021\/11\/DOC221121-1.pdf\" target=\"_blank\" rel=\"noopener\">Clica aqu\u00ed <\/a>para bajarte el listado de inscritos hasta d\u00eda 21 de noviembre<\/p>\n<p>[\/et_pb_text][\/et_pb_column][\/et_pb_row][et_pb_row _builder_version=\u00bb4.11.1&#8243; _module_preset=\u00bbdefault\u00bb custom_margin=\u00bb-14px|auto||auto||\u00bb global_colors_info=\u00bb{}\u00bb][et_pb_column type=\u00bb4_4&#8243; _builder_version=\u00bb4.11.1&#8243; _module_preset=\u00bbdefault\u00bb global_colors_info=\u00bb{}\u00bb][et_pb_accordion _builder_version=\u00bb4.11.1&#8243; _module_preset=\u00bbdefault\u00bb toggle_level=\u00bbh3&#8243; global_colors_info=\u00bb{}\u00bb][et_pb_accordion_item title=\u00bbDescripci\u00f3n del recorrido\u00bb open=\u00bbon\u00bb _builder_version=\u00bb4.11.1&#8243; _module_preset=\u00bbdefault\u00bb global_colors_info=\u00bb{}\u00bb]<\/p>\n<p>El recorrido, en la misma zona de siempre pero con algunas variantes, ha sido homologado por los t\u00e9cnicos de la federaci\u00f3n, adaptado para competiciones de marcha n\u00f3rdica y est\u00e1 ausente de peligros objetivos en todo su trazado. Se trata de un itinerario circular que discurre por el bosque de la zona Norte de Palma, concretamente en la falda de la sierra de Son Marill.<br \/> El punto de partida ser\u00e1 la plaza del cementerio de La Vileta, de donde se subir\u00e1 por una pista forestal hasta un cruce con un banco de cemento. En este punto, como novedad, coger\u00e1n el camino de la derecha que se har\u00e1 de ida y vuelta. A continuaci\u00f3n, tomar\u00e1n el camino que los har\u00e1 llegar a la calle Pinar -Park C y se subir\u00e1 hasta la antigua cantera.<br \/> A continuaci\u00f3n se tomar\u00e1 el camino que va paralelo al Campo de Golf de Son Quint, que nos permitir\u00e1 llegar finalmente al Cementerio de la Vileta.<br \/> El recorrido es de 5,6 km y los competidores de la carrera oficial har\u00e1n dos vueltas.<\/p>\n<p>[\/et_pb_accordion_item][et_pb_accordion_item title=\u00bbInscripciones\u00bb _builder_version=\u00bb4.11.1&#8243; _module_preset=\u00bbdefault\u00bb global_colors_info=\u00bb{}\u00bb open=\u00bboff\u00bb]El n\u00famero m\u00e1ximo de participantes ser\u00eda de 125 inscritos.\u00a0Las inscripciones previas se har\u00e1n en la web nordicwalkingpalma.com<\/p>\n<p><strong>Precios<\/strong><br \/>\nInscripciones antes del d\u00eda 21 de noviembre a las 23: 59h<br \/>\n\u2022 Carrera oficial federados: 10 \u20ac<br \/>\n\u2022 Carrera oficial no federados: 15 \u20ac<br \/>\n\u2022 Carrera popular federados: 5 \u20ac<br \/>\n\u2022 Carrera popular no federados: 10 \u20ac<\/p>\n<p>Inscripciones despu\u00e9s del d\u00eda 21 de noviembre a las 23: 59h<br \/>\n\u2022 Carrera oficial federados: 20 \u20ac<br \/>\n\u2022 Carrera oficial no federados: 20 \u20ac<br \/>\n\u2022 Carrera popular federados: 10 \u20ac<br \/>\n\u2022 Carrera popular no federados: 15 \u20ac<\/p>\n<p>Los competidores deber\u00e1n mostrar la tarjeta federativa (si est\u00e1n federados) y el DNI a la organizaci\u00f3n para poder retirar el dorsal.\u00a0La carrera ser\u00e1 cronometrada directamente por los \u00e1rbitros de forma manual.[\/et_pb_accordion_item][et_pb_accordion_item title=\u00bbEntrega de dorsales\u00bb _builder_version=\u00bb4.11.1&#8243; _module_preset=\u00bbdefault\u00bb global_colors_info=\u00bb{}\u00bb open=\u00bboff\u00bb]Ser\u00e1 obligatorio el uso de la mascarilla en el momento de recoger los dorsales, tanto para el competidores\/as como para el personal voluntario.<br \/>\nLa organizaci\u00f3n ubicar\u00e1 dos mesas para favorecer el proceso y para evitar las colas. Aun as\u00ed, se delimitar\u00e1 con cinta la distancia de seguridad para mantenerse en la fila de espera.<br \/>\nSiempre antes de la recogida de dorsales los participantes deber\u00e1n limpiarse las manos con gel hidroalcoh\u00f3lico.[\/et_pb_accordion_item][et_pb_accordion_item title=\u00bbInformaci\u00f3n y horarios\u00bb _builder_version=\u00bb4.11.1&#8243; _module_preset=\u00bbdefault\u00bb global_colors_info=\u00bb{}\u00bb open=\u00bboff\u00bb]<strong>Recogida de dorsales<\/strong><br \/>\n\u2022 El d\u00eda antes, el s\u00e1bado 27 de las 17h a las 19: 30h en la tienda PassaPassa de la Avenida del C\u00edster n\u00fam. 62, el Secar de la Real.<br \/>\n\u2022 El mismo d\u00eda de la carrera, el domingo d\u00eda 28 de noviembre de las 09:00 a las 9:30 horas, en el cementerio de la Vileta de Palma.<br \/>\nA las 09:45 horas control de dorsales, de material, entrada a los cajones y Briefing previo a la salida, que se dar\u00e1 a las 10:00 horas.<br \/>\nLa prueba se desarrollar\u00e1 bajo la observaci\u00f3n de los \u00e1rbitros y personal de la organizaci\u00f3n de la carrera que har\u00e1 cumplir el reglamenta en vigor para el a\u00f1o 2021.<br \/>\nEntrega de premios a las 12:30 horas.<br \/>\n<strong>Caj\u00f3n de salida<\/strong><br \/>\nEl orden del caj\u00f3n de salida se regir\u00e1 por el ranking oficial de la temporada. Se har\u00e1n dos cajones, uno con los competidores \/ as de la prueba oficial y en \u00faltima los de la popular, que saldr\u00e1n un minuto m\u00e1s tarde.<br \/>\n<strong>Avituallamiento<\/strong><br \/>\nEn la zona de salida, en el mismo aparcamiento del Cementerio de la Vileta. Habr\u00e1 agua y bebida energ\u00e9tica. Lo podr\u00e1n utilizar a la finalizaci\u00f3n de cada vuelta. Se utilizaran vasos de cart\u00f3n reciclables.<br \/>\n<strong>Guardarropa<\/strong><br \/>\nLa organizaci\u00f3n tendr\u00e1 una zona reservada para guardarropa.<br \/>\n<strong>Limitaciones<\/strong><br \/>\nEl participante debe llevar el dorsal bien visible durante toda la carrera y seguir el itinerario marcado sin salirse del mismo. Si el personal de la carrera detecta corredores haciendo atajos, o saliendo del camino marcado ser\u00e1 comunicado a los jueces de carrera y sancionados. Tambi\u00e9n ser\u00e1 motivo de sanci\u00f3n el corredor que deje suciedad o envases a su paso.<br \/>\n<strong>Cronometraje y control deportivo de la prueba<\/strong><br \/>\nEl cronometraje de la prueba se har\u00e1 manualmente por parte del equipo arbitral.<br \/>\nEl dorsal deber\u00e1 ser visible durante toda la prueba. A cada participante se le entregar\u00e1n dos dorsales, uno por delante y otro por la parte de atr\u00e1s. .<br \/>\nLa prueba ser\u00e1 controlada por el equipo arbitral de Marcha N\u00f3rdica.<br \/>\nEl sistema de penalizaci\u00f3n ser\u00e1 por el sistema \u00abStop &amp; Go\u00bb. En el recorrido habr\u00e1 una zona definida donde deber\u00e1n detenerse los competidores y las competidoras amonestadas.[\/et_pb_accordion_item][et_pb_accordion_item title=\u00bbLa zona de salida y llegada\u00bb _builder_version=\u00bb4.11.1&#8243; _module_preset=\u00bbdefault\u00bb global_colors_info=\u00bb{}\u00bb open=\u00bboff\u00bb]La salida se har\u00e1 con por orden de ranquin. Se colocaran filas de 4 participantes (dos masculinos y dos femeninos), hasta completar el caj\u00f3n de salida.<br \/>\nEn la zona de salida todo el mundo deber\u00e1 llevar la mascarilla que se podr\u00e1n quitar unos segundos antes de la salida.<br \/>\nSe delimitar\u00e1n mucho las zonas. El p\u00fablico, que siempre debe llevar mascarilla, se encontrar\u00e1 situado a una distancia considerable de los participantes.[\/et_pb_accordion_item][et_pb_accordion_item title=\u00bbEntrega de premios\u00bb _builder_version=\u00bb4.11.1&#8243; _module_preset=\u00bbdefault\u00bb global_colors_info=\u00bb{}\u00bb open=\u00bboff\u00bb]Los escalones del podio estar\u00e1n separados con la distancia de seguridad. Los ganadores deber\u00e1n llevar su mascarilla puesta en todo momento. Ellos mismos tomar\u00e1n el premio correspondiente antes de subir al podio y hacerse la foto.[\/et_pb_accordion_item][et_pb_accordion_item title=\u00bbCategor\u00edas y premios\u00bb _builder_version=\u00bb4.11.1&#8243; _module_preset=\u00bbdefault\u00bb global_colors_info=\u00bb{}\u00bb open=\u00bboff\u00bb]<\/p>\n<p><strong>Prueba oficial<\/strong><br \/> Ser\u00e1n premiados los tres primeros de cada categor\u00eda tanto a las masculinas como las femeninas.<br \/> \u2022 Categor\u00eda Absoluta: Todos los participantes mayores de 16 a\u00f1os.<br \/> \u2022 Categor\u00eda Junior: de 16 a 17 a\u00f1os, que cumplan los 16 y no cumplan los 18 a\u00f1os el a\u00f1o de referencia.<br \/> \u2022 Categor\u00eda Promesa: 18 a 23 a\u00f1os, es decir que cumplan los 18 y no cumplan los 24 a\u00f1os el a\u00f1o de referencia.<br \/> \u2022 Categor\u00eda S\u00e9nior: 24 a 39 a\u00f1os. Que cumplan los 24 y no cumplan los 40 el a\u00f1o de referencia.<br \/> \u2022 Categor\u00eda Veterana A: de 40 a 49 a\u00f1os que cumplan los 40 y no cumplan los 50 el a\u00f1o de referencia.<br \/> \u2022 Categor\u00eda Veterana B: de 50 a 59 a\u00f1os. Que cumplan los 50 y no cumplan los 60 el a\u00f1o de referencia.<br \/> \u2022 Categor\u00eda Veterana C: de 60 a 99 a\u00f1os. Que cumplan los 50 y no cumplan los 60 el a\u00f1o de referencia.<br \/> \u2022 Categor\u00eda Veterana D: de 70 a\u00f1os cumplidos en el a\u00f1o de referencia, en adelante.<br \/> <strong>Prueba popular<\/strong><br \/> Ser\u00e1n premiados los tres primeros de la categor\u00eda absoluta tanto masculina como femenina.<\/p>\n<p>[\/et_pb_accordion_item][et_pb_accordion_item title=\u00bbEl breafing o charla t\u00e9cnica\u00bb _builder_version=\u00bb4.11.1&#8243; _module_preset=\u00bbdefault\u00bb global_colors_info=\u00bb{}\u00bb open=\u00bboff\u00bb]Toda la informaci\u00f3n sobre la competici\u00f3n estar\u00e1 bien explicada en la web de inscripciones. De todos modos, la organizaci\u00f3n se compromete a hacerla llegar, junto con las medidas Covid-19, por correo a todos los participantes.<br \/>\nPara evitar aglomeraci\u00f3n no se har\u00e1 la charla t\u00e9cnica como se hac\u00eda, 15 minutos antes de dar la salida. Cuando todo el mundo est\u00e9 a su posici\u00f3n de partida, con la distancia de seguridad, el organizador har\u00e1 un resumen muy breve por megafon\u00eda.[\/et_pb_accordion_item][et_pb_accordion_item title=\u00bbSeguridad y medidas Covid 19&#8243; _builder_version=\u00bb4.11.1&#8243; _module_preset=\u00bbdefault\u00bb global_colors_info=\u00bb{}\u00bb open=\u00bboff\u00bb]<\/p>\n<p>Se dispondr\u00e1 de una ambulancia para la asistencia de los participantes.<br \/> La carrera no estar\u00e1 cerrada a la circulaci\u00f3n pero s\u00ed que estar\u00e1 controlada por el personal voluntario durante la \u00fanica parte donde el recorrido pasa por la calle Pinar- Park de 200m y con muy poco tr\u00e1fico.<br \/> La \u00fanica calle que se pedir\u00e1 que se cierre a la circulaci\u00f3n por la seguridad de los competidores es el del acceso al Cementerio de La Vileta, por ello se deber\u00e1 dejar el coche en las calles pr\u00f3ximas..<br \/> No ser\u00e1 responsabilidad de la organizaci\u00f3n las incidencias provocadas por enfermedades o patolog\u00edas previas, negligencia, comportamiento imprudente, durante los desplazamientos previos o posteriores de la carrera.<br \/> La prueba es autorizada por la Federaci\u00f3n Balear de Monta\u00f1a y Escalada y por tanto, el seguro de accidente cubrir\u00e1 a todos los participantes con ficha federativa v\u00e1lida. Los participantes sin ficha federativa dispondr\u00e1n de seguro obligatorio de accidentes con un incremento del precio a su inscripci\u00f3n.<br \/> Si por cualquier circunstancia el corredor inscrito no puede participar en la carrera, tiene que enviar un correo informando de la incidencia a la Federaci\u00f3n Balear de monta\u00f1a y Escalada, con copia al Club organizador. S\u00f3lo se devolver\u00e1 el 70% de la inscripci\u00f3n. Para devolver el dinero de la inscripci\u00f3n ser\u00e1 necesario el correspondiente certificado m\u00e9dico o equivalente. Si no es as\u00ed, no se devolver\u00e1.<\/p>\n<p>[\/et_pb_accordion_item][\/et_pb_accordion][\/et_pb_column][\/et_pb_row][et_pb_row column_structure=\u00bb1_3,1_3,1_3&#8243; _builder_version=\u00bb3.25&#8243; custom_padding=\u00bb27px|0px|3px|0px\u00bb global_colors_info=\u00bb{}\u00bb][et_pb_column type=\u00bb1_3&#8243; _builder_version=\u00bb3.25&#8243; custom_padding=\u00bb|||\u00bb global_colors_info=\u00bb{}\u00bb custom_padding__hover=\u00bb|||\u00bb][et_pb_blurb title=\u00bbD\u00eda\u00bb use_icon=\u00bbon\u00bb font_icon=\u00bb%%128%%\u00bb icon_color=\u00bb#55924c\u00bb use_icon_font_size=\u00bbon\u00bb icon_font_size=\u00bb60px\u00bb _builder_version=\u00bb4.11.1&#8243; header_font=\u00bbAbel|700|||||||\u00bb header_font_size=\u00bb20px\u00bb text_orientation=\u00bbcenter\u00bb animation=\u00bboff\u00bb global_colors_info=\u00bb{}\u00bb]Domingo 28-11-2021[\/et_pb_blurb][\/et_pb_column][et_pb_column type=\u00bb1_3&#8243; _builder_version=\u00bb3.25&#8243; custom_padding=\u00bb|||\u00bb global_colors_info=\u00bb{}\u00bb custom_padding__hover=\u00bb|||\u00bb][et_pb_blurb title=\u00bbHora de inicio\u00bb use_icon=\u00bbon\u00bb font_icon=\u00bb%%92%%\u00bb icon_color=\u00bb#55924c\u00bb use_icon_font_size=\u00bbon\u00bb icon_font_size=\u00bb60px\u00bb _builder_version=\u00bb4.11.1&#8243; header_font=\u00bbAbel|700|||||||\u00bb header_font_size=\u00bb20px\u00bb text_orientation=\u00bbcenter\u00bb animation=\u00bboff\u00bb global_colors_info=\u00bb{}\u00bb]<\/p>\n<p>10:00h<\/p>\n<p>[\/et_pb_blurb][\/et_pb_column][et_pb_column type=\u00bb1_3&#8243; _builder_version=\u00bb3.25&#8243; custom_padding=\u00bb|||\u00bb global_colors_info=\u00bb{}\u00bb custom_padding__hover=\u00bb|||\u00bb][et_pb_blurb title=\u00bbHora finalizaci\u00f3n\u00bb use_icon=\u00bbon\u00bb font_icon=\u00bb%%373%%\u00bb icon_color=\u00bb#55924c\u00bb use_icon_font_size=\u00bbon\u00bb icon_font_size=\u00bb60px\u00bb _builder_version=\u00bb4.11.1&#8243; header_font=\u00bbAbel|700|||||||\u00bb header_font_size=\u00bb20px\u00bb text_orientation=\u00bbcenter\u00bb animation=\u00bboff\u00bb global_colors_info=\u00bb{}\u00bb]<\/p>\n<p>13:00 h<\/p>\n<p>[\/et_pb_blurb][\/et_pb_column][\/et_pb_row][et_pb_row column_structure=\u00bb1_3,1_3,1_3&#8243; _builder_version=\u00bb3.25&#8243; custom_padding=\u00bb27px|0px|3px|0px\u00bb global_colors_info=\u00bb{}\u00bb][et_pb_column type=\u00bb1_3&#8243; _builder_version=\u00bb3.25&#8243; custom_padding=\u00bb|||\u00bb global_colors_info=\u00bb{}\u00bb custom_padding__hover=\u00bb|||\u00bb][et_pb_blurb title=\u00bbLugar de salida\u00bb use_icon=\u00bbon\u00bb font_icon=\u00bb%%121%%\u00bb icon_color=\u00bb#55924c\u00bb use_icon_font_size=\u00bbon\u00bb icon_font_size=\u00bb60px\u00bb _builder_version=\u00bb4.11.1&#8243; header_font=\u00bbAbel|700|||||||\u00bb header_font_size=\u00bb20px\u00bb body_text_align=\u00bbcenter\u00bb text_orientation=\u00bbcenter\u00bb animation=\u00bboff\u00bb global_colors_info=\u00bb{}\u00bb]Cementerio de La Vileta[\/et_pb_blurb][\/et_pb_column][et_pb_column type=\u00bb1_3&#8243; _builder_version=\u00bb3.25&#8243; custom_padding=\u00bb|||\u00bb global_colors_info=\u00bb{}\u00bb custom_padding__hover=\u00bb|||\u00bb][et_pb_blurb title=\u00bbLugar\u00bb use_icon=\u00bbon\u00bb font_icon=\u00bb%%121%%\u00bb icon_color=\u00bb#55924c\u00bb use_icon_font_size=\u00bbon\u00bb icon_font_size=\u00bb60px\u00bb _builder_version=\u00bb4.11.1&#8243; header_font=\u00bbAbel|700|||||||\u00bb header_font_size=\u00bb20px\u00bb text_orientation=\u00bbcenter\u00bb animation=\u00bboff\u00bb global_colors_info=\u00bb{}\u00bb]Falda de la Sierra de Son Marill &#8211; Puig de Revells[\/et_pb_blurb][\/et_pb_column][et_pb_column type=\u00bb1_3&#8243; _builder_version=\u00bb3.25&#8243; custom_padding=\u00bb|||\u00bb global_colors_info=\u00bb{}\u00bb custom_padding__hover=\u00bb|||\u00bb][et_pb_blurb title=\u00bbDistancia\u00bb use_icon=\u00bbon\u00bb font_icon=\u00bb%%10%%\u00bb icon_color=\u00bb#55924c\u00bb use_icon_font_size=\u00bbon\u00bb icon_font_size=\u00bb60px\u00bb _builder_version=\u00bb4.11.1&#8243; header_font=\u00bbAbel|700|||||||\u00bb header_font_size=\u00bb20px\u00bb text_orientation=\u00bbcenter\u00bb animation=\u00bboff\u00bb global_colors_info=\u00bb{}\u00bb]<\/p>\n<p>Carrera oficial: 11,2 Km.<br \/> Prueba popular: 5,6 Km.<\/p>\n<p>[\/et_pb_blurb][\/et_pb_column][\/et_pb_row][\/et_pb_section][et_pb_section fb_built=\u00bb1&#8243; _builder_version=\u00bb3.22&#8243; custom_padding=\u00bb29px|||||\u00bb global_colors_info=\u00bb{}\u00bb][et_pb_row _builder_version=\u00bb3.25&#8243; custom_padding=\u00bb0px|0px|0px|0px\u00bb global_colors_info=\u00bb{}\u00bb][et_pb_column type=\u00bb4_4&#8243; _builder_version=\u00bb3.25&#8243; custom_padding=\u00bb|||\u00bb global_colors_info=\u00bb{}\u00bb custom_padding__hover=\u00bb|||\u00bb][et_pb_blurb title=\u00bbPago inscripci\u00f3n carrera\u00bb use_icon=\u00bbon\u00bb font_icon=\u00bb%%155%%\u00bb icon_color=\u00bb#55924c\u00bb use_icon_font_size=\u00bbon\u00bb icon_font_size=\u00bb60px\u00bb _builder_version=\u00bb4.11.1&#8243; header_font=\u00bbAbel|700|||||||\u00bb header_font_size=\u00bb20px\u00bb text_orientation=\u00bbcenter\u00bb custom_margin=\u00bb||4px|||\u00bb custom_padding=\u00bb||3px|||\u00bb animation=\u00bboff\u00bb global_colors_info=\u00bb{}\u00bb][\/et_pb_blurb][\/et_pb_column][\/et_pb_row][et_pb_row column_structure=\u00bb1_2,1_2&#8243; _builder_version=\u00bb3.25&#8243; custom_padding=\u00bb0px|0px|23px|0px||\u00bb global_colors_info=\u00bb{}\u00bb][et_pb_column type=\u00bb1_2&#8243; _builder_version=\u00bb3.25&#8243; custom_padding=\u00bb|||\u00bb global_colors_info=\u00bb{}\u00bb custom_padding__hover=\u00bb|||\u00bb][et_pb_blurb title=\u00bbCarrera oficial\u00bb _builder_version=\u00bb4.11.1&#8243; header_font=\u00bbAbel||||on||||\u00bb header_font_size=\u00bb18px\u00bb text_orientation=\u00bbcenter\u00bb custom_margin=\u00bb||4px|||\u00bb custom_padding=\u00bb||3px|||\u00bb animation=\u00bboff\u00bb global_colors_info=\u00bb{}\u00bb][\/et_pb_blurb][et_pb_button button_url=\u00bbhttps:\/\/www.nordicwalkingpalma.com\/competicio\/producto\/carrera-oficial-federado\/\u00bb url_new_window=\u00bbon\u00bb button_text=\u00bbPagar inscripci\u00f3n federado: 15 \u20ac\u00bb button_alignment=\u00bbcenter\u00bb _builder_version=\u00bb4.11.1&#8243; _module_preset=\u00bbdefault\u00bb custom_button=\u00bbon\u00bb button_text_size=\u00bb15px\u00bb custom_margin=\u00bb||17px|||\u00bb global_colors_info=\u00bb{}\u00bb][\/et_pb_button][et_pb_button button_url=\u00bbhttps:\/\/www.nordicwalkingpalma.com\/competicio\/producto\/carrera-oficial-no-federado\/\u00bb url_new_window=\u00bbon\u00bb button_text=\u00bbPagar inscripci\u00f3n no federado: 20 \u20ac\u00bb button_alignment=\u00bbcenter\u00bb _builder_version=\u00bb4.11.1&#8243; _module_preset=\u00bbdefault\u00bb custom_button=\u00bbon\u00bb button_text_size=\u00bb15px\u00bb global_colors_info=\u00bb{}\u00bb][\/et_pb_button][\/et_pb_column][et_pb_column type=\u00bb1_2&#8243; _builder_version=\u00bb3.25&#8243; custom_padding=\u00bb|||\u00bb global_colors_info=\u00bb{}\u00bb custom_padding__hover=\u00bb|||\u00bb][et_pb_blurb title=\u00bbCarrera popular\u00bb _builder_version=\u00bb4.11.1&#8243; header_font=\u00bbAbel||||on||||\u00bb header_font_size=\u00bb18px\u00bb text_orientation=\u00bbcenter\u00bb custom_margin=\u00bb||4px|||\u00bb custom_padding=\u00bb||3px|||\u00bb animation=\u00bboff\u00bb global_colors_info=\u00bb{}\u00bb][\/et_pb_blurb][et_pb_button button_url=\u00bbhttps:\/\/www.nordicwalkingpalma.com\/competicio\/producto\/carrera-popular-federado\/\u00bb url_new_window=\u00bbon\u00bb button_text=\u00bbPagar inscripci\u00f3n federado: 5 \u20ac\u00bb button_alignment=\u00bbcenter\u00bb _builder_version=\u00bb4.11.1&#8243; _module_preset=\u00bbdefault\u00bb custom_button=\u00bbon\u00bb button_text_size=\u00bb15px\u00bb custom_margin=\u00bb||17px|||\u00bb global_colors_info=\u00bb{}\u00bb][\/et_pb_button][et_pb_button button_url=\u00bbhttps:\/\/www.nordicwalkingpalma.com\/competicio\/producto\/carrera-popular-no-federado\/\u00bb url_new_window=\u00bbon\u00bb button_text=\u00bbPagar inscripci\u00f3n no federado: 10 \u20ac\u00bb button_alignment=\u00bbcenter\u00bb _builder_version=\u00bb4.11.1&#8243; _module_preset=\u00bbdefault\u00bb custom_button=\u00bbon\u00bb button_text_size=\u00bb15px\u00bb global_colors_info=\u00bb{}\u00bb][\/et_pb_button][\/et_pb_column][\/et_pb_row][et_pb_row _builder_version=\u00bb3.25&#8243; custom_padding=\u00bb0px|0px|0px|0px\u00bb global_colors_info=\u00bb{}\u00bb][et_pb_column type=\u00bb4_4&#8243; _builder_version=\u00bb3.25&#8243; custom_padding=\u00bb|||\u00bb global_colors_info=\u00bb{}\u00bb custom_padding__hover=\u00bb|||\u00bb][et_pb_blurb _builder_version=\u00bb4.11.1&#8243; header_font=\u00bbAbel|700|||||||\u00bb header_font_size=\u00bb20px\u00bb text_orientation=\u00bbcenter\u00bb custom_padding=\u00bb||0px|||\u00bb animation=\u00bboff\u00bb global_colors_info=\u00bb{}\u00bb]Despu\u00e9s de d\u00eda 22 de noviembre el precio se incrementara un 50%[\/et_pb_blurb][\/et_pb_column][\/et_pb_row][\/et_pb_section]<\/p>\n","protected":false},"excerpt":{"rendered":"<p>Esta edici\u00f3n se llevar\u00e1 a cabo el domingo 28 de noviembre la VII Carrera Nordic Palma, prueba de Nordic Walking organizada por el Club Deportivo Marcha N\u00f3rdica Palma junto el con Comit\u00e9 Balear de Marcha N\u00f3rdica, estar\u00e1 incluida dentro del calendario oficial de la temporada 2021 y ser\u00e1 prueba ranquin nacional FEDME 2021. Paralelamente a [&hellip;]<\/p>\n","protected":false},"author":1,"featured_media":0,"parent":0,"menu_order":0,"comment_status":"closed","ping_status":"closed","template":"","meta":{"_et_pb_use_builder":"on","_et_pb_old_content":"","_et_gb_content_width":""},"aioseo_notices":[],"_links":{"self":[{"href":"https:\/\/www.nordicwalkingpalma.com\/competicio\/wp-json\/wp\/v2\/pages\/993"}],"collection":[{"href":"https:\/\/www.nordicwalkingpalma.com\/competicio\/wp-json\/wp\/v2\/pages"}],"about":[{"href":"https:\/\/www.nordicwalkingpalma.com\/competicio\/wp-json\/wp\/v2\/types\/page"}],"author":[{"embeddable":true,"href":"https:\/\/www.nordicwalkingpalma.com\/competicio\/wp-json\/wp\/v2\/users\/1"}],"replies":[{"embeddable":true,"href":"https:\/\/www.nordicwalkingpalma.com\/competicio\/wp-json\/wp\/v2\/comments?post=993"}],"version-history":[{"count":55,"href":"https:\/\/www.nordicwalkingpalma.com\/competicio\/wp-json\/wp\/v2\/pages\/993\/revisions"}],"predecessor-version":[{"id":1216,"href":"https:\/\/www.nordicwalkingpalma.com\/competicio\/wp-json\/wp\/v2\/pages\/993\/revisions\/1216"}],"wp:attachment":[{"href":"https:\/\/www.nordicwalkingpalma.com\/competicio\/wp-json\/wp\/v2\/media?parent=993"}],"curies":[{"name":"wp","href":"https:\/\/api.w.org\/{rel}","templated":true}]}}